{"id":34,"date":"2016-07-21T20:32:01","date_gmt":"2016-07-21T20:32:01","guid":{"rendered":"http:\/\/cristiano.ukrdevs.com\/?page_id=34"},"modified":"2020-07-12T23:37:09","modified_gmt":"2020-07-12T21:37:09","slug":"contact-us","status":"publish","type":"page","link":"https:\/\/staging.lafattoria-idstein.de\/?page_id=34","title":{"rendered":"Kontakt"},"content":{"rendered":"\t<section class=\"contact-details section-block\">\r\n\t\t<div class=\"section-title v1\">\r\n\t\t\t<p class=\"subtitle\">So erreichen Sie uns<\/p>\r\n\t\t<h3> Herzlich willkommen!<\/h3>\t\t\r\n<\/div>\t\t<div class=\"boxes cols-4\">\r\n\t\t\t<div class=\"box phones\">\r\n\t\t\t\t<h3 class=\"font-title\">\r\n\t\t\t\t\tTelefonnr\t\t\t\t<\/h3>\r\n\t\t\t\t\t\t\t\t\t<ul>\r\n\t\t\t\t\t\t\t\t\t\t\t\t\t<li><a href=\"tel: +49 6126 4534\">+49 6126 4534<\/a><\/li>\r\n\t\t\t\t\t\t\t\t\t\t\t\t\t<li><a href=\"tel: \"><\/a><\/li>\r\n\t\t\t\t\t\t\t\t\t\t\t\t\t<li><a href=\"tel: \"><\/a><\/li>\r\n\t\t\t\t\t\t\t\t\t\t\t\t\t<li><a href=\"tel: \"><\/a><\/li>\r\n\t\t\t\t\t\t\t\t\t\t\t<\/ul>\r\n\t\t\t\t\t\r\n\t\t\t\t<span class=\"icon-wrap\">\r\n\t\t\t\t\t<i class=\"icon-phone\"><\/i>\r\n\t\t\t\t<\/span>\r\n\t\t\t<\/div>\r\n\t\t\t<div class=\"box address\">\r\n\t\t\t\t<h3 class=\"font-title\">\r\n\t\t\t\t\tAdresse\t\t\t\t<\/h3>\t\t\t\t\r\n\t\t\t\t<ul>\r\n\t\t\t\t\t<li>\r\n\t\t\t\t\t\t<a href=\"http:\/\/maps.google.com\/?q=Himmelsgasse 8\" target=\"_blank\">Himmelsgasse 8<\/a>\r\n\t\t\t\t\t\t<br>\r\n\t\t\t\t\t\t65510 Idstein\t\t\t\t\t<\/li>\r\n\t\t\t\t<\/ul>\t\t\t\t\r\n\t\t\t\t<span class=\"icon-wrap\">\r\n\t\t\t\t\t<i class=\"icon-location\"><\/i>\r\n\t\t\t\t<\/span>\r\n\t\t\t<\/div>\r\n\t\t\t<div class=\"box hours\">\r\n\t\t\t\t<h3 class=\"font-title\">\r\n\t\t\t\t\t\u00d6ffnungszeiten\t\t\t\t<\/h3>\r\n\t\t\t\t\t\t\t\t\t<ul>\r\n\t\t\t\t\t\t\t\t\t\t\t\t\t\t\t\t\t\t\t\t\t<li class=\"hours\">Dienstag - Sonntag:<\/li>\r\n\t\t\t\t\t\t\t\t\t\t\t\t\t\t\t\t\t\t\t\t\t\t\t\t\t\t\t\t\t\t\t\t\t\t\t\t\t\t\t\t\t\t<li class=\"hours\">12:00 - 15:00 Uhr<\/li>\r\n\t\t\t\t\t\t\t\t\t\t\t\t\t\t\t\t\t\t\t\t\t\t\t\t\t\t\t\t\t\t\t\t\t\t\t\t\t\t\t\t\t\t<li class=\"hours\">18:00 - 23:00 Uhr<\/li>\r\n\t\t\t\t\t\t\t\t\t\t\t\t\t\t\t\t\t\t\t\t\t\t\t\t\t\t\t\t\t\t\t\t\t\t\t\t\t\t\t\t\t\t<li class=\"hours\"><\/li>\r\n\t\t\t\t\t\t\t\t\t\t\t\t\t\t\t\t\t\t\t\t\t\t\t\t\t\t\t\t\t\t\t\t\t\t\t\t\t\t\t\t\t\t<li class=\"hours\"><\/li>\r\n\t\t\t\t\t\t\t\t\t\t\t\t\t\t\t\t\t\t\t\t\t\t\t\t\t\t\t\t\t\t\t\t\t\t\t\t\t\t\t\t\t\t<li class=\"hours\"><\/li>\r\n\t\t\t\t\t\t\t\t\t\t\t\t\t\t\t\t\t\t\t\t\t\t\t\t\t\t\t\t\t\t\t\t<\/ul>\r\n\t\t\t\t\t\t\t\t\r\n\t\t\t\t<span class=\"icon-wrap\">\r\n\t\t\t\t\t<i class=\"icon-clock\"><\/i>\r\n\t\t\t\t<\/span>\r\n\t\t\t<\/div>\r\n\t\t\t\t\t\t\t<div class=\"box email\">\r\n\t\t\t\t\t<h3 class=\"font-title\">\r\n\t\t\t\t\t\tE-Mail\t\t\t\t\t<\/h3>\r\n\t\t\t\t\t<p>\r\n\t\t\t\t\t\t<a href=\"mailto:info@lafattoria-idstein.de\">info@lafattoria-idstein.de<\/a>\r\n\t\t\t\t\t<\/p>\t\t\t\r\n\t\t\t\t\t<span class=\"icon-wrap\">\r\n\t\t\t\t\t\t<i class=\"icon-mail-alt\"><\/i>\r\n\t\t\t\t\t<\/span>\r\n\t\t\t\t<\/div>\r\n\t\t\t\t\t<\/div>\r\n\t<\/section>\r\n\t\n\t\r\n\t\r\n\t<section id=\"reservation\" class=\"section-block \">\r\n\t\t\t\t<div class=\"wrap\">\t\t\r\n\t\t\t<div class=\"section-title v1\">\r\n\t\t\t<p class=\"subtitle\">Telefonisch oder \u00fcber Formular<\/p>\r\n\t\t<h3> Tischreservierung<\/h3>\t\t\r\n<\/div>\t\t\t<form id=\"reservation-form\" method=\"post\" action=\"https:\/\/staging.lafattoria-idstein.de\/wp-admin\/admin-ajax.php\">\t\r\n\t\t\t\t<div id=\"reservation-form-messages\" class=\"submit-form-message\"><\/div>\r\n\t\t\t\t<div class=\"form-items cols-3\">\r\n\t\t\t\t\t<div class=\"form-item\">\r\n\t\t\t\t\t\t<label for=\"date\">Datum<\/label>\r\n\t\t\t\t\t\t<input type=\"text\" format=\"d. MM yy\" autocomplete=\"off\" name=\"date\" id=\"date\" class=\"required datepicker\">\r\n\t\t\t\t\t<\/div>\r\n\t\t\t\t\t\t\t\t\t\t\t<div class=\"form-item\">\r\n\t\t\t\t\t\t\t<label for=\"time\">Zeit<\/label>\r\n\t\t\t\t\t\t\t<select id=\"time\" name=\"time\" class=\"required\">\r\n\t\t\t\t\t\t\t\t<option value=\"12:00am\" >0:00<\/option>\n\t\t\t\t\t\t\t<\/select>\r\n\t\t\t\t\t\t<\/div>\t\r\n\t\t\t\t\t\t<div class=\"form-item\">\r\n\t\t\t\t\t\t\t<label for=\"number\">Anzahl der G\u00e4ste<\/label>\r\n\t\t\t\t\t\t\t<select id=\"number\" name=\"number\" class=\"required\">\r\n\t\t\t\t\t\t\t\t<option value=\"1\">1 Person<\/option>\r\n\t\t\t\t\t\t\t\t<option value=\"2\">2 Menschen<\/option><option value=\"3\">3 Menschen<\/option><option value=\"4\">4 Menschen<\/option><option value=\"5\">5 Menschen<\/option><option value=\"6\">6 Menschen<\/option><option value=\"7\">7 Menschen<\/option><option value=\"8\">8 Menschen<\/option><option value=\"9\">9 Menschen<\/option><option value=\"10\">10 Menschen<\/option>\t\t\t\t\t\t\t<\/select>\r\n\t\t\t\t\t\t<\/div>\r\n\t\t\t\t\t\t\t\t\t\t\t<div class=\"form-item\">\r\n\t\t\t\t\t\t<label for=\"name\">Name<\/label>\r\n\t\t\t\t\t\t<input type=\"text\" class=\"required\" name=\"name\" id=\"name\">\r\n\t\t\t\t\t<\/div>\t\r\n\t\t\t\t\t<div class=\"form-item\">\r\n\t\t\t\t\t\t<label for=\"phone\">Telefonnr<\/label>\r\n\t\t\t\t\t\t<input type=\"text\" maxlength=\"15\" class=\"required\" name=\"phone\" id=\"phone\">\r\n\t\t\t\t\t<\/div>\t\t\r\n\t\t\t\t\t<div class=\"form-item\">\r\n\t\t\t\t\t\t<label for=\"email\">E-Mail<\/label>\r\n\t\t\t\t\t\t<input type=\"text\" class=\"required\" name=\"email\" id=\"email\">\r\n\t\t\t\t\t<\/div>\t\t\t\t\t\t\r\n\t\t\t\t<\/div>\r\n\t\t\t\t<div class=\"align-center-margin\">\r\n\t\t\t\t\t\t\t\t\t    \t<div class=\"g-recaptcha\" data-size=\"invisible\" data-sitekey=\"6LeFmL4pAAAAANwl2apGryAvCTS7OGrrLrkTVoCO\"><\/div>\r\n\t\t\t\t    \t\t\t\t\t\r\n\t\t\t\t\t<button id=\"reservation-submit\" class=\"btn btn-default btn-lg\" type=\"submit\">Tisch reservieren<\/button>\r\n\t\t\t\t<\/div>\t\t\t\t\r\n\t\t\t<\/form>\r\n\t\t<\/div>\r\n\t\t\t\t\t<\/section>\r\n\t<script>\r\n\t\t\t\t\r\n\t\tjQuery(document).ready(function($) {\t\r\n\t\t\t\r\n\t\t\t\r\n\t\t\t\tfunction validate(){\t\t\t\r\n\t\t\t\t\tvar form = jQuery('#reservation-form');\t  \t\t\t\r\n\t\t\t\t\tform.find('[name]').each(function(index, value){\r\n\t\t\t\t\t\t var that = $(this),\r\n\t\t\t\t\t\t\t  value = that.val(),\r\n\t\t\t\t\t\t\t name = that.attr('name');\r\n\t\t\t\t\t\t\t \r\n\t\t\t\t\t\t if(that.hasClass('required')) {\r\n\t\t\t\t\t\t\tif(value == '' || value.length < 3 && value.length > 50) {\r\n\t\t\t\t\t\t\t\tthat.addClass('error');\r\n\t\t\t\t\t\t\t} else {\r\n\t\t\t\t\t\t\t\tthat.removeClass('error');\r\n\t\t\t\t\t\t\t}\r\n\t\t\t\t\t\t\tif(name == 'email') {\r\n\t\t\t\t\t\t\t\tif(!value.match(\/^([\\w-]+(?:\\.[\\w-]+)*)@((?:[\\w-]+\\.)*\\w[\\w-]{0,66})\\.([a-z]{2,6}(?:\\.[a-z]{2})?)$\/i)) {\r\n\t\t\t\t\t\t\t\t\tthat.addClass('error');\r\n\t\t\t\t\t\t\t\t}\r\n\t\t\t\t\t\t\t}\r\n\t\t\t\t\t\t\tif(name == 'phone') {\r\n\t\t\t\t\t\t\t\tif(!value.match(\/([0-9]{9})|(\\([0-9]{3}\\)\\s+[0-9]{3}\\-[0-9]{4})\/)) {\r\n\t\t\t\t\t\t\t\t\tthat.addClass('error');\t\r\n\t\t\t\t\t\t\t\t}\t\t\t\t\t\t\t\r\n\t\t\t\t\t\t\t}\r\n\t\t\t\t\t\t}\r\n\t\t\t\t\t});\r\n\t\t\t\t\tif(form.find('.required').hasClass('error')) {\r\n\t\t\t\t\t\t\t\t\t\t\t\t\tgrecaptcha.reset();\r\n\t\t\t\t\t\t\t\t\t\t\t\treturn false;\r\n\t\t\t\t\t}\r\n\t\t\t\t\t\t\t\t\t\t\tgrecaptcha.execute();\r\n\t\t\t\t\t\t\t\t\t\treturn true;\r\n\t\t\t\t   }\t\r\n\t\t\t\t\r\n\t\t\t  jQuery('#reservation-form').on('submit', function(e) {\r\n\t\t\t\t   e.preventDefault();\r\n\t\t\t\t   var formMessages = $('#reservation-form-messages');\r\n\t\t\t\t   var form = jQuery(this);\t\r\n\t\t\t\t   if(validate()) { \t\r\n\t\t\t\t\t   \tvar data = {\r\n\t\t\t\t\t\t\taction: 'reservation_submit',\r\n\t\t\t\t\t\t\tform_data: form.serialize()\r\n\t\t\t\t\t\t}; \t\t\r\n\t\t\t\r\n\t\t\t\t\t\tvar test = jQuery.post( form.attr('action'), data, function(response) {\r\n\t\t\t\t\t\t    \/\/ Make sure that the formMessages div has the 'success' class.\r\n\t\t\t\t\t\t    var response  = (jQuery.parseJSON(response));\r\n\t\t\t\t\t\t    $(formMessages).removeClass('error');\r\n\t\t\t\t\t\t    $(formMessages).addClass(response.class);\r\n\t\t\t\t\t\t\r\n\t\t\t\t\t\t    \/\/ Set the message text.\r\n\t\t\t\t\t\t    $(formMessages).text(response.message);\r\n\t\t\t\t\t\t    \r\n\t\t\t\t\t\t    \/\/ Reset the Form\r\n\t\t\t\t\t\t    if(response.class == 'success') {\r\n\t\t\t\t\t\t\t    form[0].reset();\r\n\t\t\t\t\t\t    }\r\n\t\t\t\t\t\t    \/\/$('#reservation-submit').prop(\"disabled\", true);\r\n\t\t\t\t\t\t});\r\n\t\t\t\t\t}\t\t\t\t\r\n\t\t\t  });\r\n\t\t});\r\n\t<\/script>\r\n\t\r\n\t\n<p>\t<div class=\"article to-left \">\r\n\t\t<div class=\"image\"><\/div>\r\n\t\t<div class=\"details\">\r\n\t\t\t<h2>Hinweis<\/h2>\r\n\t\t\tBitte geben sie uns etwas Zeit, Ihre Anfrage zu bearbeiten und beachten Sie, das eine Reservierung grunds\u00e4tzlich erst nach unserer Best\u00e4tigung verbindlich ist!<\/p>\n<p>F\u00fcr kurzfristige Reservierungen oder gr\u00f6\u00dfere Gruppen (mehr als 10 Personen) kontaktieren Sie uns bitte telefonisch oder pers\u00f6nlich. Vielen Dank!\t\t<\/div>\r\n\t<\/div>\r\n\t<a id=\"imprint\" name=\"imprint\"><\/a><\/p>\n<div class=\"section-title v1\">\r\n\t\t\t<p class=\"subtitle\">Angaben gem\u00e4\u00df \u00a7 5 TMG<\/p>\r\n\t\t<h3> Impressum<\/h3>\t\t\r\n<\/div>\n\t<div class=\"article to-left \">\r\n\t\t<div class=\"image\"><\/div>\r\n\t\t<div class=\"details\">\r\n\t\t\t<h2><\/h2>\r\n\t\t\t<\/p>\n<p>Inhaber und inhaltlich verantwortlich gem\u00e4\u00df \u00a7 55 Abs. 2 RStV:<br \/>\nSalvatore Montana<\/p>\n<p>Anschrift:<br \/>\nRistorante La Fattoria<br \/>\nHimmelsgasse 8<br \/>\n65510 Idstein<\/p>\n<p><!--USt.-Id.-Nr. gem\u00e4\u00df \u00a7 27 UStG: <span style=\"color: #ff6600;\">-->St.Nr.: DE 00484760046<\/span><\/p>\n<p><!--Eingetragen in das Handelsregister beim Amtsgericht Idstein unter: <span style=\"color: #ff6600;\">HRA -folgt<\/span>\n\nZust\u00e4ndige Aufsichtsbeh\u00f6rde: <span style=\"color: #ff6600;\"><em>\u2013 <\/em>Ordungsamt -, 65510 Idstein<\/span>--><\/p>\n<hr \/>\n<p><!--Quelle:\u00a0<a href=\"http:\/\/www.muster-impressum.de\/\">http:\/\/www.muster-impressum.de<\/a>\n\n<u>Hinweise:<\/u>\n\nGem\u00e4\u00df \u00a7 2 Abs. 1 GastG ist der Betrieb von Gastst\u00e4tten i. d. R. erlaubnispflichtig. Daher sind gem\u00e4\u00df \u00a7 5 Abs. 1 Nr. 3 TMG Angaben zu der zust\u00e4ndigen Aufsichtsbeh\u00f6rde zu machen. F\u00fcr das Muster wurde ferner von einem journalistisch-redaktionell gestalteten Angebot ausgegangen, so da\u00df die Anbieterkennzeichnung nach \u00a7 55 Abs. 2 RStV gesondert aufgenommen wurde.-->\t\t<\/div>\r\n\t<\/div>\r\n\t\n<p>&nbsp;<\/p>\n","protected":false},"excerpt":{"rendered":"<p>&nbsp;<\/p>\n","protected":false},"author":1,"featured_media":0,"parent":0,"menu_order":-6,"comment_status":"closed","ping_status":"closed","template":"","meta":{"footnotes":""},"class_list":["post-34","page","type-page","status-publish","hentry"],"_links":{"self":[{"href":"https:\/\/staging.lafattoria-idstein.de\/index.php?rest_route=\/wp\/v2\/pages\/34"}],"collection":[{"href":"https:\/\/staging.lafattoria-idstein.de\/index.php?rest_route=\/wp\/v2\/pages"}],"about":[{"href":"https:\/\/staging.lafattoria-idstein.de\/index.php?rest_route=\/wp\/v2\/types\/page"}],"author":[{"embeddable":true,"href":"https:\/\/staging.lafattoria-idstein.de\/index.php?rest_route=\/wp\/v2\/users\/1"}],"replies":[{"embeddable":true,"href":"https:\/\/staging.lafattoria-idstein.de\/index.php?rest_route=%2Fwp%2Fv2%2Fcomments&post=34"}],"version-history":[{"count":26,"href":"https:\/\/staging.lafattoria-idstein.de\/index.php?rest_route=\/wp\/v2\/pages\/34\/revisions"}],"predecessor-version":[{"id":1173,"href":"https:\/\/staging.lafattoria-idstein.de\/index.php?rest_route=\/wp\/v2\/pages\/34\/revisions\/1173"}],"wp:attachment":[{"href":"https:\/\/staging.lafattoria-idstein.de\/index.php?rest_route=%2Fwp%2Fv2%2Fmedia&parent=34"}],"curies":[{"name":"wp","href":"https:\/\/api.w.org\/{rel}","templated":true}]}}